*m**2 - 4*m - 3. Suppose -2*f = w - 8, f - 4*f + 2 = -w. Does 15 divide t(w)?
True
Let x be 10*(-2 - (-3 - 0)). Let j(z) = -z**3 + 10*z**2 + z + 2. Is 12 a factor of j(x)?
True
Let u(h) = -18*h + 3 - 2 + 15*h. Is 9 a factor of u(-8)?
False
Suppose -5*i = 3*q - 35, 27 = 3*q - 4*i + i. Let d be -3*(1 + q/(-6)). Suppose -3*n + 100 = -2*r, -d*n - r - r + 50 = 0. Is n a multiple of 15?
True
Let a be (-19)/(-2) - 4/(-8). Let z be ((-8)/(-5))/(4/a). Suppose -2*w = z*u - 76, -7*w - 2*u + 146 = -3*w. Does 18 divide w?
True
Let q(s) = 6*s - 17. Let l = -13 + 21. Is 13 a factor of q(l)?
False
Suppose 34 + 47 = 3*b. Is b a multiple of 6?
False
Let t(r) = -r**2 - 5*r - 2. Let m be t(-4). Suppose -43 = -m*q - 5. Is 8 a factor of q?
False
Suppose -k + 0*k - 2 = 0, 34 = p + 4*k. Is 7 a factor of (p/2)/(12/8)?
True
Let z(g) = -5*g + 5. Let i be z(5). Let u = i - 0. Let d = u - -44. Is d a multiple of 9?
False
Let w = 1 + -3. Let m(h) = 3*h**2 - 4*h - 1. Let v(j) = 13*j**2 - 17*j - 4. Let d(u) = w*v(u) + 9*m(u). Does 5 divide d(-2)?
False
Suppose 13*h - 390 = 9*h + 3*t, 5*h - 4*t - 488 = 0. Is h a multiple of 16?
True
Let a be (-2)/(-16)*-2 + (-117)/12. Suppose -c = 4*c + 150. Let j = a - c. Is 20 a factor of j?
True
Let w(u) = 29*u - 2. Let b be w(3). Suppose -5*f = -5*s - b, 5*f = -3*s + 32 + 53. Does 13 divide f?
False
Let o = -32 + 39. Does 2 divide o?
False
Let q be (5 - -1) + 22/(-11). Suppose -q*s + 12 = -s. Does 6 divide (-18)/s*28/(-6)?
False
Let s be -2 + -1 + (-1 - -1). Let a(w) = -w - 1. Let k be a(s). Does 10 divide 27/2 - 1/k?
False
Is (406/56)/((-1)/(-20)) a multiple of 29?
True
Suppose -p + 3*p - 104 = 0. Suppose p + 20 = 2*f. Is f a multiple of 31?
False
Let o(c) be the first derivative of -c**4/4 + 5*c**3/3 + 3*c**2 + 3*c - 1. Let i be 63/14*4/3. Does 3 divide o(i)?
True
Let d(j) = -2*j**2 - 8*j + 6. Let v be d(6). Let x be (v - (0 - 1))*-1. Suppose 41 = -3*l + x. Does 12 divide l?
True
Let w(b) = -b**3 - 1 - 11*b - 3 + 11*b**2 + 0. Let h be w(9). Suppose 3*c + 4*p = h, 89 = 5*c - 0*p + 2*p. Is 17 a factor of c?
True
Suppose -6 = -4*x - 18. Let v be (-10)/x*27/(-3). Is v/(-3) + -2 + 0 a multiple of 6?
False
Let d be 6/9 - (-79)/3. Let i = d + 2. Is 13 a factor of i?
False
Suppose -2*d + 0 = 6. Let p(q) = -16*q. Does 23 divide p(d)?
False
Suppose 0 = 2*a + 5*g - 98, 0 = 3*a + 4*g - 140 + 7. Does 20 divide a?
False
Suppose -r - h + 4 = 0, 2*r + 4*h - h - 5 = 0. Is 7 a factor of r?
True
Let z(n) = n**3 - 5*n**2 + 6*n + 3. Let q be z(5). Let k = q - 22. Is 6 a factor of k?
False
Suppose -2*j - j = -45. Does 6 divide j?
False
Let u = 1 + 1. Suppose -u*s - 18 + 52 = 0. Does 8 divide s?
False
Let d(s) = -6*s - 6. Let o be d(-4). Let l be 4/o - 4204/(-36). Suppose -g + 3*g + 5*f - 45 = 0, l = 4*g + f. Is 18 a factor of g?
False
Suppose 1 = o + 2*t, 2*o = 2*t + 7 + 1. Does 17 divide 59 + 0 - (-5 + o)?
False
Let c(h) = -15*h**2 + 7*h + 8. Let p(f) = f**2 - f - 1. Let z(n) = -c(n) - 6*p(n). Suppose 4*a + 6 = -2. Is z(a) a multiple of 12?
True
Suppose -3*f = 3*c - 0*c - 105, f - 20 = 4*c. Let r(y) = -y**2 - 5*y - 6. Let n be r(-4). Let x = n + f. Does 21 divide x?
False
Let p(r) be the second derivative of r**3/6 + 23*r**2/2 - 2*r. Is p(0) a multiple of 11?
False
Let x = 27 + 85. Is x a multiple of 11?
False
Let b = 4 + -15. Let p be (-8)/(-44) + (-9)/b. Is 8 a factor of 11 + -1 - p - 1?
True
Suppose 0 = -3*r - y + 6*y + 99, 99 = 3*r + 5*y. Is r a multiple of 4?
False
Let s(h) = -4 - h**2 + 3 - 2*h + 5*h**2 + 3*h. Let i be s(1). Is 9 a factor of (18/i)/(2/4)?
True
Let v(s) = 91*s**2 - 1. Let g be v(1). Suppose -2*j = 3*j - g. Let u = 0 + j. Is u a multiple of 9?
True
Is 10 a factor of (-400)/(-6) - 10/15?
False
Let k be (-28)/(-35) - 8/10. Suppose -4*m = 4*j - 176, 3*m - 5*j + 29 - 153 = k. Is m a multiple of 9?
False
Suppose m - 131 + 40 = 0. Is m a multiple of 13?
True
Suppose 0 = -3*j - 2*j - 2*t + 17, -4*j = -3*t - 32. Suppose -5*r + 450 = j*k, k + 4*k - 3*r - 482 = 0. Is 25 a factor of k?
False
Let d(h) = 2*h**2 + h - 2. Let u be d(-2). Suppose -269 + 13 = -u*i. Does 16 divide i?
True
Suppose 0 = 5*c - 2*x - 50, 4*c - x = -19 + 62. Suppose -2*r + 8 = -0*i - i, -4*i + 4 = 4*r. Suppose 4*t = r*t + c. Is 4 a factor of t?
True
Let k = 1 - -1. Let i(b) = 2*b**2 + 3*b. Let s be i(-2). Suppose k*m - 12 = -s*m. Does 2 divide m?
False
Let m = -9 + 11. Let q be (-55)/(-4) - 2/(-8). Suppose -r = -m*r + q. Does 7 divide r?
True
Let v(c) = 143*c**2 + c + 2. Is 9 a factor of v(-1)?
True
Let z = 0 - -7. Let a = -5 + z. Suppose -4*l = -a*l - 58. Is l a multiple of 12?
False
Suppose -j - 2*p + 8 = -2, 5*p - 28 = -4*j. Does 2 divide j?
True
Let y(m) = 16*m**2 - 5*m - 1. Is y(-2) a multiple of 13?
False
Let a(u) = u**2 + u + 2. Let f be a(-2). Let i = f - 1. Suppose -i*c = -90 - 36. Is c a multiple of 15?
False
Let c = 117 - 81. Is c a multiple of 2?
True
Suppose -5*z = -3*b + 94, b - 8 = -4*z + z. Does 19 divide b?
False
Suppose 2*q - 4 = 42. Let d = -65 + 65. Suppose -5*r - 3*l + 205 = d, 2*l - 25 = -r + q. Is 16 a factor of r?
False
Is 4 a factor of (12 - 13)/(1/(-18))?
False
Let p = -68 + 118. Is 21 a factor of p?
False
Suppose -w - 65 = -4*q, 4*q = 4*w + 40 + 28. Is q even?
True
Suppose -5*n + 10*n = -260. Let f = -34 - n. Is 18 a factor of f?
True
Suppose -4*n + 9 = -63. Suppose d = -d + n. Does 9 divide d?
True
Let s be 2/(-8) - (-591)/12. Let h = -22 + s. Is h a multiple of 9?
True
Let g(z) = -2*z + 4*z**2 + z - z**2 + 2. Let u(s) = 8*s**2 - 2*s + 5. Let m(o) = 11*g(o) - 4*u(o). Is m(-3) a multiple of 11?
False
Let g(f) = f**2 + 2. Let s(z) = 2*z**3 - 4*z**2 + 2*z. Suppose 18 + 0 = 3*j + 4*m, 0 = 3*j - 2*m. Let l be s(j). Is g(l) a multiple of 18?
True
Let r(z) = 7*z**2 - 2*z + 6. Does 18 divide r(-4)?
True
Let c = 18 + -9. Is c a multiple of 9?
True
Let k(l) = -2*l. Let t be k(-1). Let p(x) = 3*x**3 - 4*x**2 + 2*x + 2. Let v be p(t). Does 5 divide 68/7 - (-4)/v?
True
Let g(l) = 40*l. Let i be g(1). Suppose 0 = 5*z - z - i. Is 10 a factor of z?
True
Let i = -15 - -23. Let g = i + -2. Is 6 a factor of g?
True
Let k(m) = 6*m + 85. Is 2 a factor of k(-6)?
False
Is 16 a factor of (24/18)/(3/144)?
True
Let j(t) = t**2 - 2*t - 11. Is j(-5) a multiple of 24?
True
Suppose 4*n + 3 - 107 = -4*i, -2*n - 3*i = -47. Is n a multiple of 31?
True
Is 74/6 - (-14)/21 a multiple of 9?
False
Suppose 0 = -2*f + d + 2, f + d - 3 = 2*d. Let q be ((-6)/4)/(f/14). Suppose 4*x + q = 5*x. Is x a multiple of 11?
False
Let s(f) = -5*f. Let u be (2 - 3) + (1 - 1). Is 5 a factor of s(u)?
True
Let s(n) = -5*n - 16. Let h be s(-11). Suppose h + 41 = 2*q. Does 20 divide q?
True
Is (19 - -124)*(-1)/(-1) a multiple of 10?
False
Suppose -6 = -2*i + 3*u, 0 = 3*i - 0*u - 4*u - 8. Let f(t) be the third derivative of t**6/120 + t**5/60 - t**4/24 + 22*t**3/3 + 29*t**2. Does 22 divide f(i)?
True
Let h be -1 + -3*(-12)/9. Let g = 9 - h. Is 3 a factor of g?
True
Let q(o) = -o**2 - 4*o. Let k be q(-3). Let h(z) = k + 0 - 2*z + 0. Is h(-6) a multiple of 7?
False
Suppose 2*n + 2*n - 337 = -5*r, 0 = -r - 3. Is 11 a factor of n?
True
Let h(z) = z - 4. Let i be h(6). Suppose 2*u - 5*b + 14 = 0, -i*b = -b - 2. Let s(t) = -3*t**3 + 2*t**2 + 3*t + 1. Does 13 divide s(u)?
False
Suppose -2*n + 15 = -3*f + 8*f, -5*n + 87 = -4*f. Suppose 5 = -5*p - n. Is 10 a factor of 4*p/(16/(-27))?
False
Suppose -3*b + 44 = -40. Is 7 a factor of b?
True
Let d be ((-52)/(-5))/(16/40). Suppose -4*v = o - 0*o - 17, -23 = -o - 2*v. Suppose -5*i = 5*c + d - 101, -2*c = 3*i - o. Does 8 divide c?
True
Let h(x) = 5*x + 1. Is h(6) a multiple of 26?
False
Suppose -2*a + 0 = 2*z - 8, -4 = -z - 4*a. Suppose -5*l + 9 = -2*y - 17, -2*l = z*y + 4. Suppose -2 = 2*m, 2*v - l*v = -2*m - 28. Is 10 a factor of v?
False
Let q = 4 - -4. Suppose 4*s - 645 = -5*w, 0*w = 4*w - 2*s - 516. Is w/15 + q/20 a multiple of 3?
True
Let j(g) = -g**2 - 8*g - 6. Let a be j(-7). Let d be a + -1 + 31 + 0. Suppose -k + 1 + d = 0. Is 10 a factor of k?
False
Suppose -a + 2*a = 3*s + 57, 2*a + s - 79 = 0. Is 35 a factor of a?
False
Let j(t) be the third derivative of 9*t**4/8 - t**3/6 - 3*t**2. Does 12 divide j(1)?
False
Suppose -605 = -11*v + 6*v. Is v a multiple of 22?
False
Let h(a) = -3*a**2 + 2*a + 2. Let n be h(-2). Let b = -8 - n. Does 6 divide b?
True
Suppose 